. Let z(x) = 24*x**2 + 22*x + 3. Let i(r) = -7*d(r) + 5*z(r). What are the prime factors of i(-5)?
2, 11
Let p be 190/12 + 1/6. List the prime factors of (-1)/4 - (-756)/p.
47
Let t = -8 - -1. Let p = t - -15. List the prime factors of p.
2
Suppose -6*g - g = -14. Let x(p) = 44*p - 5. List the prime factors of x(g).
83
Suppose -5*f + 5*o - 7 + 357 = 0, 4*o = -2*f + 128. What are the prime factors of f?
2, 17
Let l(k) = k**3 + 24*k**2 + 24*k - 22. List the prime factors of l(-21).
797
Let p(n) = -n + 13. Let y be p(10). Suppose 4*a = 3*i + 2, -3*i + 1 = -a - y. Suppose -k - 110 = -i*d, d + 4*k - 154 = -2*d. List the prime factors of d.
2, 3
Let y(u) = 6*u**2 + 4*u + 2. Let b = -26 + 21. List the prime factors of y(b).
2, 3, 11
Let h = -84 + 130. Let i = h - 29. Let u = i - 13. List the prime factors of u.
2
Suppose 4*u + 9 = 33. Suppose 0 = 2*x + 2, -n + u*x + 11 = 4*x. List the prime factors of (1 - 15/n)*-48.
2
Let x(p) = -3*p. Let c be x(-1). Suppose c*z = 7*z - 36. Let u = z + 4. List the prime factors of u.
13
Let y(u) = -5*u - 45. Let x(r) = r + 9. Let z(p) = 11*x(p) + 2*y(p). Suppose 2*g + 4*g + 24 = 0. What are the prime factors of z(g)?
5
Let z(w) = w**2 - 2*w - 1. Suppose -28 = d - 5*n, 7 - 32 = -5*n. Let t be z(d). Let q(y) = y**2 - 14*y + 17. List the prime factors of q(t).
17
Suppose -a + 2 - 6 = 0. Let z be (5 + 1)*1 + a. Suppose z*v = -3*v + 140. List the prime factors of v.
2, 7
Let y be 2/(-8)*-1 + (-14)/56. Suppose -2*a + 306 - 72 = y. List the prime factors of a.
3, 13
Let b be ((-72)/(-14))/(4/14). Suppose -b = 3*d - 0. Let g(p) = p + 19. List the prime factors of g(d).
13
Suppose 3*m - 5*m + 36 = 0. List the prime factors of m.
2, 3
Suppose 4*t + 16 = 1344. Suppose -t = -4*n - 8. List the prime factors of n.
3
Let i(o) = -7*o - 65. Let m be i(-28). Let w = m - 85. What are the prime factors of w?
2, 23
Let x(p) = p**2 - 5*p + 2. Let i be x(5). Suppose -f + c + 50 = 0, -f + i*c + 65 = -2*c. List the prime factors of f.
3, 5
Let t be ((-1)/2)/((-3)/6). Let v be -243 + 8 + 4*t. What are the prime factors of (-1)/(-2) + v/(-6)?
3, 13
Suppose -3*t + 2*j + 1311 + 2490 = 0, 2*t - 2532 = 2*j. List the prime factors of t.
3, 47
Let c(x) = 2*x - 6. Suppose z = -q + 5*q - 22, 26 = -3*z + 2*q. Let l = z + 11. What are the prime factors of c(l)?
2
Let y(s) = s + 13. Let d be y(-10). What are the prime factors of 23*(-1 - -22)/d?
7, 23
Let l(d) be the third derivative of d**6/40 - d**5/30 + d**4/24 + d**3/2 + d**2. What are the prime factors of l(3)?
3, 23
Let j be (-3)/(15/(-6) - -3). Let r(f) = f**3 + 7*f**2 + 5*f - 3. Let t be r(j). Let o = 7 + t. List the prime factors of o.
2, 5
Let j = -164 - -90. Let a = j - -103. What are the prime factors of a?
29
Let g be 7 - (-2 - (-3 - -1)). Let z = 27 + g. Suppose -6*k = -8*k + z. List the prime factors of k.
17
Suppose -10*y - 1065 - 25 = 0. Let s = y - -287. What are the prime factors of s?
2, 89
Suppose 3*y = y + 308. Suppose 0*f = -5*f - 3*c + 165, -4*f + 2*c + y = 0. List the prime factors of f.
2, 3
Suppose a + 2 = -0*a. Let r = a + 25. List the prime factors of r.
23
Let l(v) = -v**3 + 22*v**2 - 13. List the prime factors of l(7).
2, 19
Let j(x) = -x**2 - 12*x - 9. Let k be j(-11). Suppose k*q = -0*q - 44. What are the prime factors of ((-8)/(-4))/((-4)/q)?
11
Let n(m) = -m. Let v(y) = 4*y**2 - 2*y + 1. Let i(a) = -n(a) + v(a). Let f be i(-1). List the prime factors of (92/f)/(30/45).
23
Let k(m) = -m**2 + 32*m - 14. What are the prime factors of k(7)?
7, 23
Let t(d) = 131*d - 132. List the prime factors of t(6).
2, 3, 109
Suppose 0 = 6*z - 3 - 771. What are the prime factors of z?
3, 43
Suppose 17*b - 22*b + 30 = 0. Let p(v) = 4*v**3 - 2*v**2 - 2*v. Let l be p(3). Suppose b*n - l = 3*n. What are the prime factors of n?
2, 7
Let d(n) = -n**2 - 8*n - 11. Let y be d(-4). Suppose w + 1 = -2*z - 5, -y*w = -z + 8. Let m(x) = -7*x**3 + 4*x**2 + 3*x + 1. What are the prime factors of m(w)?
67
Let l = 33 + -49. List the prime factors of l/(1 + 1)*(-38)/4.
2, 19
Suppose 10*w - 4*w + 612 = 0. Let o = 4 - w. List the prime factors of o.
2, 53
Suppose 31801 = 3*c + 56*c. What are the prime factors of c?
7, 11
Let f be ((-5)/(-10))/(3/24). Suppose -f*n + j = -140, 3*n - 5*j + 0*j = 105. Suppose -4*z + 37 = -n. List the prime factors of z.
2, 3
Suppose 0*a = -5*a + 35. Let l(v) = -3*v**3 + 3*v**2 + 4*v - v**3 - a*v - 2 + 5*v. What are the prime factors of l(-2)?
2, 19
Let a = -166 + 151. Suppose -166 = -5*v - 3*w, 0*w + 74 = 2*v + 5*w. What are the prime factors of v/(-20)*a/6?
2
Let a be (2/(-3))/((-4)/222). Let s = 103 - 43. Let p = s - a. List the prime factors of p.
23
Let g = -38 + 42. Suppose 7 = g*c - 5, 5*t = 4*c + 33. List the prime factors of t.
3
Let r = 1945 + -809. List the prime factors of r.
2, 71
Let x(t) = 23*t**2 - 2*t + 6. What are the prime factors of x(6)?
2, 3, 137
Suppose 163*k - 162*k = 208. What are the prime factors of k?
2, 13
What are the prime factors of (-15)/(90/(-4152)) + 3?
5, 139
Suppose 0*u - 2*u + 100 = 0. Suppose 4*j + 3 = -97. Let b = u + j. What are the prime factors of b?
5
Let z(a) = -a**2 + 4*a + 2. Let y be z(5). What are the prime factors of 366*(-11*1/y - 3)?
2, 61
Suppose 0*t - 40 = 2*t. Let f = 35 + t. What are the prime factors of f?
3, 5
Suppose -g + 635 + 509 = 0. Suppose 13*f - 5*f - g = 0. List the prime factors of f.
11, 13
Let d be (-1 + (-2)/2)*4. Let r be d/(-20) + 32/(-5). What are the prime factors of ((-21)/(-3))/((-3)/r)?
2, 7
Let h(z) = 4*z**2 - 7*z + 16. Suppose -54*j + 49 = -47*j. What are the prime factors of h(j)?
163
Let m = 203 - 143. Let a be 0 + 7/(21/m). Suppose -2*w + a = q - 18, w - 9 = -3*q. List the prime factors of w.
3, 7
Let l(h) = -65*h + 3723. What are the prime factors of l(0)?
3, 17, 73
Let f = 671 - 628. What are the prime factors of f?
43
What are the prime factors of (-27)/((-189)/30856) - 4?
2, 3, 367
Let m = -21 - -11. Let u(z) be the first derivative of z**3/3 + 5*z**2 + 7*z - 144. List the prime factors of u(m).
7
Let q(x) = 2*x - 6. Let g(n) = -n + 5. Let a(v) = -3*g(v) - 2*q(v). Let l(m) = -12*m**2 - 2*m - 1. Let t be l(-1). List the prime factors of a(t).
2
Suppose 2*g = -0*g + 4*r - 160, 5*g = -5*r - 355. Suppose k = 3*k + 226. Let o = g - k. List the prime factors of o.
3, 13
Suppose -4*r - 32 = -4*h, 0 = -3*h + 4 + 5. Let l(k) = 6*k**2 + 6*k. Let q be l(r). Suppose q = m + 2*m. List the prime factors of m.
2, 5
Suppose 3*k - 2 = -26. What are the prime factors of -23*k/(-6)*27/(-9)?
2, 23
Let p = 685 + -456. What are the prime factors of p?
229
Let d be (-12)/(-16) + (-2)/(-8). Let i(c) = 93*c**2. What are the prime factors of i(d)?
3, 31
Let u(c) = -11*c**2 + 4*c - 4 + 3*c**2 + 24*c**2 - 5*c**2. What are the prime factors of u(-3)?
83
Let x(z) = -2*z**2 - 3*z - 2. Let v be x(-2). Let o(w) = -10*w + 16*w + 5 - 16*w. What are the prime factors of o(v)?
3, 5
Suppose 4*x = -0*x - 140. Let d = x + -40. What are the prime factors of d/2*2/(-3)?
5
Suppose -2*v + 7*i + 654 = -613, v + 2*i - 639 = 0. List the prime factors of v.
7, 13
Let r = -611 + 895. List the prime factors of r.
2, 71
Let g(a) = 12*a - 4. Let m be g(-9). Suppose 2*n + 179 = -0*n + 5*s, -5*s + 333 = -4*n. Let j = n - m. What are the prime factors of j?
5, 7
Let c(i) = -i**2 - i - 184. Let r be c(0). Let k = -102 - r. What are the prime factors of k?
2, 41
Let k = -3 + 7. Let q be -3 + k - 3/1. What are the prime factors of -2 - ((q - 26) + -3)?
29
Suppose 0 = 117*s - 115*s + 4, 5*j = -3*s + 11379. List the prime factors of j.
3, 11, 23
Let i = 317 - -42. What are the prime factors of i?
359
Let n = -19 - -13. Let g(z) = z**3 + 7*z**2 + 4*z + 12. List the prime factors of g(n).
2, 3
Suppose 28*c = 24*c + 16. Suppose c*m = 2*m + 4*o + 206, -5*m = o - 493. What are the prime factors of m?
3, 11
Suppose 4*b - r - 10214 = 0, -r = b + 4*r - 2543. What are the prime factors of b?
3, 23, 37
Suppose -4*j + 6*j + 3*k - 2087 = 0, 5*k + 5230 = 5*j. Suppose -j = -8*l - 3*l. What are the prime factors of l?
5, 19
What are the prime factors of 2/3 + (-4)/((-60)/6935)?
463
Let l = 59 + -94. Suppose -n + 2*j - 18 = -5, -5*j + 10 = 0. Let g = n - l. What are the prime factors of g?
2, 13
Let l be (-1)/(-5 + 4)*-2. What are the prime factors of l*1/6 - 1172/